{"id":805,"date":"2017-11-11T11:15:43","date_gmt":"2017-11-11T11:15:43","guid":{"rendered":"http:\/\/www.hort-cafe.pl\/slono\/?page_id=805"},"modified":"2017-11-11T17:24:49","modified_gmt":"2017-11-11T17:24:49","slug":"catering","status":"publish","type":"page","link":"https:\/\/www.hort-cafe.pl\/slono\/catering\/","title":{"rendered":"CATERING"},"content":{"rendered":"[vc_row fullwidth=&#8221;true&#8221; css=&#8221;.vc_custom_1510420099110{padding-top: px !important;background-image: url(http:\/\/www.hort-cafe.pl\/slono\/wp-content\/uploads\/2017\/11\/tlo_catering_slono-1.jpg?id=818) !important;background-position: center !important;background-repeat: no-repeat !important;background-size: cover !important;}&#8221;][vc_column css=&#8221;.vc_custom_1510420132691{margin-top: 50px !important;margin-bottom: 80px !important;}&#8221;][vc_column_text align=&#8221;center&#8221;]\n<p class=\"tekstonas\"><img loading=\"lazy\" decoding=\"async\" class=\"aligncenter logocatering\" src=\"http:\/\/www.hort-cafe.pl\/slono\/wp-content\/uploads\/2017\/11\/logo_catering.png\" alt=\"\" width=\"217\" height=\"154\" \/>Rocznica \u015blubu, przyj\u0119cie urodzinowe, przyj\u0119cie \u015bwi\u0105teczne, spotkanie w gronie przyjaci\u00f3\u0142, to nieod\u0142\u0105czne okoliczno\u015bci nale\u017c\u0105ce do polskiej tradycji, kt\u00f3re sprzyjaj\u0105 uroczystemu przyj\u0119ciu przy smakowicie zastawionym stole.<\/p>\n[\/vc_column_text][vc_column_text align=&#8221;center&#8221;]\n<p class=\"tekstonas\">Jednak nie zawsze maj\u0105 Pa\u0144stwo mo\u017cliwo\u015b\u0107 przygotowa\u0107 czasoch\u0142onne potrawy, martwi\u0107 si\u0119 dopasowaniem menu do r\u00f3\u017cnorodnych gust\u00f3w i smak\u00f3w, czy kompletowa\u0107 pe\u0142nej zastawy. Z przyjemno\u015bci\u0105 podejmiemy si\u0119 zorganizowania dla Pa\u0144stwa uroczysto\u015bci.<\/p>\n[\/vc_column_text][vc_column_text align=&#8221;center&#8221;]\n<p class=\"tekstonas\">Wsp\u00f3lnie ustalimy menu s\u0142odkie i s\u0142one, zaproponujemy dekoracj\u0119 sto\u0142\u00f3w, przywieziemy zastaw\u0119 sto\u0142ow\u0105, pyszne potrawy i s\u0142odko\u015bci. Je\u015bli trzeba \u2013 zapewnimy pe\u0142n\u0105 obs\u0142ug\u0119 kelnersk\u0105, a Pa\u0144stwu pozostanie tylko cieszy\u0107 si\u0119 obecno\u015bci\u0105 go\u015bci. Co wi\u0119cej, po przyj\u0119ciu nie musz\u0105 Pa\u0144stwo zmywa\u0107 \u2013 brudne naczynia znikn\u0105 wraz z naszymi pracownikami!<\/p>\n[\/vc_column_text][vc_column_text]<img loading=\"lazy\" decoding=\"async\" class=\"aligncenter size-full wp-image-1493\" src=\"http:\/\/www.hort-cafe.pl\/slono\/wp-content\/uploads\/2017\/11\/zapraszamy2.png\" alt=\"\" width=\"326\" height=\"87\" \/>[\/vc_column_text][\/vc_column][\/vc_row]\n","protected":false},"excerpt":{"rendered":"<p>[vc_row fullwidth=&#8221;true&#8221; css=&#8221;.vc_custom_1510420099110{padding-top: px !important;background-image: url(http:\/\/www.hort-cafe.pl\/slono\/wp-content\/uploads\/2017\/11\/tlo_catering_slono-1.jpg?id=818) !important;background-position: center !important;background-repeat: no-repeat !important;background-size: cover !important;}&#8221;][vc_column css=&#8221;.vc_custom_1510420132691{margin-top: 50px !important;margin-bottom: 80px !important;}&#8221;][vc_column_text align=&#8221;center&#8221;] Rocznica \u015blubu, przyj\u0119cie urodzinowe, przyj\u0119cie \u015bwi\u0105teczne, spotkanie w gronie przyjaci\u00f3\u0142, to nieod\u0142\u0105czne okoliczno\u015bci nale\u017c\u0105ce do polskiej tradycji, kt\u00f3re sprzyjaj\u0105 uroczystemu przyj\u0119ciu przy smakowicie zastawionym stole. [\/vc_column_text][vc_column_text align=&#8221;center&#8221;] Jednak nie zawsze maj\u0105 Pa\u0144stwo mo\u017cliwo\u015b\u0107 przygotowa\u0107 czasoch\u0142onne potrawy, [&hellip;]<\/p>\n","protected":false},"author":2,"featured_media":0,"parent":0,"menu_order":0,"comment_status":"closed","ping_status":"closed","template":"","meta":{"footnotes":""},"class_list":["post-805","page","type-page","status-publish","hentry"],"_links":{"self":[{"href":"https:\/\/www.hort-cafe.pl\/slono\/wp-json\/wp\/v2\/pages\/805","targetHints":{"allow":["GET"]}}],"collection":[{"href":"https:\/\/www.hort-cafe.pl\/slono\/wp-json\/wp\/v2\/pages"}],"about":[{"href":"https:\/\/www.hort-cafe.pl\/slono\/wp-json\/wp\/v2\/types\/page"}],"author":[{"embeddable":true,"href":"https:\/\/www.hort-cafe.pl\/slono\/wp-json\/wp\/v2\/users\/2"}],"replies":[{"embeddable":true,"href":"https:\/\/www.hort-cafe.pl\/slono\/wp-json\/wp\/v2\/comments?post=805"}],"version-history":[{"count":12,"href":"https:\/\/www.hort-cafe.pl\/slono\/wp-json\/wp\/v2\/pages\/805\/revisions"}],"predecessor-version":[{"id":827,"href":"https:\/\/www.hort-cafe.pl\/slono\/wp-json\/wp\/v2\/pages\/805\/revisions\/827"}],"wp:attachment":[{"href":"https:\/\/www.hort-cafe.pl\/slono\/wp-json\/wp\/v2\/media?parent=805"}],"curies":[{"name":"wp","href":"https:\/\/api.w.org\/{rel}","templated":true}]}}

[vc_row fullwidth=&#8221;true&#8221; css=&#8221;.vc_custom_1510420099110{padding-top: px !important;background-image: url(http://www.hort-cafe.pl/slono/wp-content/uploads/2017/11/tlo_catering_slono-1.jpg?id=818) !important;background-position: center !important;background-repeat: no-repeat !important;background-size: cover !important;}&#8221;][vc_column css=&#8221;.vc_custom_1510420132691{margin-top: 50px !important;margin-bottom: 80px !important;}&#8221;][vc_column_text align=&#8221;center&#8221;]
<p class="tekstonas"><img loading="lazy" decoding="async" class="aligncenter logocatering" src="http://www.hort-cafe.pl/slono/wp-content/uploads/2017/11/logo_catering.png" alt="" width="217" height="154" />Rocznica ślubu, przyjęcie urodzinowe, przyjęcie świąteczne, spotkanie w gronie przyjaciół, to nieodłączne okoliczności należące do polskiej tradycji, które sprzyjają uroczystemu przyjęciu przy smakowicie zastawionym stole.</p>
[/vc_column_text][vc_column_text align=&#8221;center&#8221;]
<p class="tekstonas">Jednak nie zawsze mają Państwo możliwość przygotować czasochłonne potrawy, martwić się dopasowaniem menu do różnorodnych gustów i smaków, czy kompletować pełnej zastawy. Z przyjemnością podejmiemy się zorganizowania dla Państwa uroczystości.</p>
[/vc_column_text][vc_column_text align=&#8221;center&#8221;]
<p class="tekstonas">Wspólnie ustalimy menu słodkie i słone, zaproponujemy dekorację stołów, przywieziemy zastawę stołową, pyszne potrawy i słodkości. Jeśli trzeba – zapewnimy pełną obsługę kelnerską, a Państwu pozostanie tylko cieszyć się obecnością gości. Co więcej, po przyjęciu nie muszą Państwo zmywać – brudne naczynia znikną wraz z naszymi pracownikami!</p>
[/vc_column_text][vc_column_text]<img loading="lazy" decoding="async" class="aligncenter size-full wp-image-1493" src="http://www.hort-cafe.pl/slono/wp-content/uploads/2017/11/zapraszamy2.png" alt="" width="326" height="87" />[/vc_column_text][/vc_column][/vc_row]

<p>[vc_row fullwidth=&#8221;true&#8221; css=&#8221;.vc_custom_1510420099110{padding-top: px !important;background-image: url(http://www.hort-cafe.pl/slono/wp-content/uploads/2017/11/tlo_catering_slono-1.jpg?id=818) !important;background-position: center !important;background-repeat: no-repeat !important;background-size: cover !important;}&#8221;][vc_column css=&#8221;.vc_custom_1510420132691{margin-top: 50px !important;margin-bottom: 80px !important;}&#8221;][vc_column_text align=&#8221;center&#8221;] Rocznica ślubu, przyjęcie urodzinowe, przyjęcie świąteczne, spotkanie w gronie przyjaciół, to nieodłączne okoliczności należące do polskiej tradycji, które sprzyjają uroczystemu przyjęciu przy smakowicie zastawionym stole. [/vc_column_text][vc_column_text align=&#8221;center&#8221;] Jednak nie zawsze mają Państwo możliwość przygotować czasochłonne potrawy, [&hellip;]</p>
